 15) to base 16.
6462e
What is 26134 (base 11) in base 16?
9232
Convert 212813 (base 9) to base 5.
13024102
Convert 231025251 (base 6) to base 14.
7c88d9
7d806c (base 14) to base 11
2468338
Convert -3895218 (base 10) to base 12.
-137a216
What is 220021111021 (base 3) in base 11?
2a7022
Convert -13013130012 (base 4) to base 3.
-10111202221210
What is -23240 (base 9) in base 2?
-11110010010011
What is -212300133 (base 4) in base 12?
-77a53
Convert 775169 (base 13) to base 11.
164a3a5
-123131334 (base 5) to base 3
-1010102122001
1020202022121 (base 3) to base 13
1a350c
Convert -c3daa (base 15) to base 2.
-10010111100010100110
Convert -637790 (base 10) to base 2.
-10011011101101011110
What is -5451560 (base 10) in base 14?
-a1ca12
fad3 (base 16) to base 3
10021002012
What is -397686 (base 12) in base 9?
-1701823
What is 1794e7 (base 16) in base 12?
626433
Convert -18184 (base 10) to base 5.
-1040214
What is -1320024323 (base 5) in base 14?
-616664
What is 1000100212110 (base 3) in base 12?
21b863
1639db (base 16) to base 11
905405
Convert 123065 (base 12) to base 3.
120000102212
-100211022110220 (base 3) to base 4
-103322330133
257697 (base 10) to base 5
31221242
What is 2216320 (base 7) in base 5?
32223112
Convert -c1c5e (base 15) to base 10.
-613664
What is 580212 (base 10) in base 7?
4634403
-10001101011011111101010 (base 2) to base 8
-21533752
Convert -20312130320 (base 4) to base 7.
-25502246
Convert 2020022202221 (base 3) to base 4.
10201320301
Convert 2217647 (base 8) to base 12.
24a033
Convert -517262 (base 9) to base 4.
-1022332313
What is -1ac90 (base 15) in base 9?
-142560
What is 120212030 (base 4) in base 5?
11210443
What is -10200121121020 (base 3) in base 2?
-111011110101100001111
Convert 20500500 (base 6) to base 10.
598932
111211202 (base 4) to base 2
10101100101100010
10001111101001100 (base 2) to base 16
11f4c
1451345 (base 7) to base 3
101000210022
What is 29463 (base 12) in base 13?
20337
97733 (base 12) to base 5
22343032
What is -30134221 (base 6) in base 5?
-204234141
Convert 20810 (base 14) to base 15.
18379
-1046421 (base 7) to base 8
-374762
What is -2225055 (base 8) in base 9?
-1114806
Convert 1011200022110 (base 3) to base 8.
2301643
Convert -1077 (base 13) to base 14.
-b9d
Convert 23243350 (base 6) to base 11.
452a74
Convert 2140425 (base 6) to base 9.
171888
-106786 (base 15) to base 6
-24425130
Convert -1052601 (base 7) to base 4.
-133321023
310162 (base 7) to base 2
1100111010110011
-2634362 (base 7) to base 9
-575108
-101100011001001010000 (base 2) to base 10
-1454672
Convert -5216 (base 8) to base 7.
-10610
Convert -23231123 (base 4) to base 12.
-2390b
What is 3251331 (base 7) in base 3?
202021102200
What is 1100504 (base 6) in base 10?
54616
What is -2510354 (base 6) in base 13?
-48a93
Convert -20120001022220 (base 3) to base 2.
-1101010010110010111100
11000000111111101111101 (base 2) to base 15
84dc13
-884264 (base 10) to base 9
-1586875
Convert -8a336 (base 14) to base 8.
-1217054
What is 1a4723 (base 11) in base 6?
10420041
Convert 1123133 (base 6) to base 10.
57729
Convert 6b3bb3 (base 14) to base 3.
20212221122222
What is -b59a5 (base 15) in base 16?
-8c9ba
2013561 (base 7) to base 15
4ac46
Convert -455525 (base 7) to base 6.
-1423552
Convert 1114bc (base 14) to base 15.
b6c74
Convert -10110111111110 (base 2) to base 8.
-26776
Convert -34c40 (base 16) to base 5.
-23404003
What is -b3d2d6 (base 14) in base 16?
-5c956c
What is 102201100220 (base 3) in base 13?
80c8b
What is 2c690 (base 16) in base 5?
21310104
254186 (base 11) to base 13
1105b4
200220110202120 (base 3) to base 2
100110010101000010010001
Convert -168409 (base 11) to base 2.
-111111011111000110
What is -62dcd1 (base 16) in base 7?
-106033244
98237 (base 11) to base 2
100010110101101011
What is -15214441 (base 6) in base 4?
-2001222121
10975889 (base 10) to base 3
202122122002102
Convert -5a24 (base 14) to base 11.
-10894
What is -644033 (base 9) in base 14?
-9da7a
-39404 (base 10) to base 3
-2000001102
Convert 101136 (base 9) to base 2.
1110100111110100
What is -2010332022 (base 4) in base 6?
-15401310
What is 5031530 (base 6) in base 3?
110001220100
Convert -123322120130 (base 4) to base 10.
-7317020
What is 2585a75 (base 11) in base 12?
15b8978
-4101041133 (base 5) to base 11
-4705967
What is aa935 (base 12) in base 16?
372b9
What is -1436723 (base 9) in base 2?
-11000001011011011010
Convert 2218 (base 14) to base 2.
1011100001110
Convert -1101010100000010110110 (base 2) to base 13.
-952697
28a6e (base 16) to base 5
20312020
3cc681 (base 13) to base 3
2210101210110
Convert -264333 (base 7) to base 6.
-1021243
What is 27612122 (base 8) in base 10?
6231122
Convert -6c6c2 (base 13) to base 9.
-332752
Convert 68a95a (base 11) to base 5.
240113043
Convert -201232302 (base 4) to base 7.
-1113543
Convert 55e4 (base 16) to base 7.
121051
101203131312 (base 4) to base 15
60d713
Convert -213443353 (base 6) to base 12.
-1340559
Convert -1100100101110010010101 (base 2) to base 13.
-8b7379
What is -595a4aa (base 11) in base 16?
-9e9b0f
-d2cea (base 15) to base 7
-5450632
18729a9 (base 11) to base 7
35625162
What is 300110013 (base 4) in base 12?
96633
Convert 14b0412 (base 12) to base 7.
50533022
What is -136357 (base 10) in base 4?
-201102211
-3205462 (base 7) to base 11
-245997
2085348 (base 10) to base 6
112410220
52a9a (base 11) to base 9
126782
What is 111001001000010011000 (base 2) in base 14?
36a320
10220011001212 (base 3) to base 5
1012212211
Convert -12564270 (base 9) to base 15.
-8222a3
Convert 103212401 (base 5) to base 3.
211121001100
Convert -5154530 (base 6) to base 2.
-111100101100010110
-97cbd (base 15) to base 7
-4045423
-2513142 (base 6) to base 3
-20211002022
What is 100002000222011 (base 3) in base 9?
10060864
What is 21020020020220 (base 3) in base 4?
32222022321
What is 222122320 (base 4) in base 6?
3420224
11555 (base 8) to base 3
20211012
224a3 (base 13) to base 5
3443300
-1b8221 (base 15) to base 9
-2467224
1430542 (base 6) to base 10
81854
302113001 (base 4) to base 16
325c1
Convert 5679228 (base 10) to base 12.
1a9a710
-c7095 (base 14) to base 12
-1b1b77
What is -440364 (base 7) in base 2?
-10010110011100001
Convert -ccd0 (base 14) to base 15.
-a792
What is -36562 (base 10) in base 13?
-13846
Convert -110100101111010 (base 2) to base 3.
-1101001002
-8671231 (base 9) to base 4
-101233321330
Convert -1010100011010100111 (base 2) to base 15.
-6c6b2
10e73 (base 16) to base 8
207163
What is 111000001111110011 (base 2) in base 15?
483e2
What is -11011111000010100100 (base 2) in base 16?
-df0a4
Convert -11000111110010111100000 (base 2) to base 11.
-3771879
What is 2142234 (base 6) in base 7?
623236
What is -b35197 (base 12) in base 10?
-2808259
Convert 12c4ac0 (base 14) to base 13.
1b5b772
-26a057b (base 12) to base 5
-3431020020
Convert 101012101021 (base 3) to base 16.
31030
What is 12171006 (base 9) in base 4?
112231001022
2313023114 (base 5) to base 12
18b0040
Convert -1328e (base 15) to base 12.
-2b5b2
Convert -2746101 (base 8) to base 13.
-210c0a
-515440530 (base 6) to base 9
-17747040
What is 2035843 (base 12) in base 9?
12331746
What is 344027 (base 12) in base 9?
1514264
Convert 2b3d2a (base 14) to base 10.
1509042
62667 (base 8) to base 12
1309b
What is 57041702 (base 8) in base 10?
12338114
Convert 1114454 (base 9) to base 11.
380054
-16126442 (base 7) to base 14
-2c6122
16305053 (base 7) to base 11
990319
Convert -123111240 (base 5) to base 13.
-17c087
20121002200211 (base 3) to base 2
1101010111110110000100
-73698 (base 10) to base 7
-424602
What is -170333 (base 10) in base 14?
-46109
What is 300131103 (base 6) in base 9?
10447313
What is -132666 (base 8) in base 6?
-555210
Convert -9756aa (base 13) to base 7.
-42130436
Convert -73a04 (base 12) to base 9.
-251174
Convert af8a35 (base 16) to base 6.
1050324033
Convert 11312031120 (base 4) to base 2.
101110110001101011000
Convert -8b142 (base 12) to base 9.
-311805
aa8d8 (base 14) to base 13
1161ba
What is -100102211111010 (base 3) in base 14?
-947d2a
33131302 (base 4) to base 6
1205134
Convert 733264 (base 8) to base 2.
111011011010110100
-4176373 (base 8) to base 5
-241111324
-8834 (base 12) to base 4
-3222220
Convert -c0629 (base 14) to base 4.
-1300311331
What is 22